{"id":3019,"date":"2024-04-26T11:01:54","date_gmt":"2024-04-26T09:01:54","guid":{"rendered":"https:\/\/draussensein.umweltbildung-lkr-fuerth.de\/wp\/?page_id=3019"},"modified":"2024-04-28T06:33:21","modified_gmt":"2024-04-28T04:33:21","slug":"steckbrief-melden","status":"publish","type":"page","link":"https:\/\/alt-draussensein.umweltbildung-lkr-fuerth.de\/index.php\/steckbrief-melden\/","title":{"rendered":"Steckbrief melden"},"content":{"rendered":"<div class=\"wpforms-container wpforms-container-full\" id=\"wpforms-3024\"><form id=\"wpforms-form-3024\" class=\"wpforms-validate wpforms-form wpforms-ajax-form\" data-formid=\"3024\" method=\"post\" enctype=\"multipart\/form-data\" action=\"\/index.php\/wp-json\/wp\/v2\/pages\/3019?wpforms_form_id=3024\" data-token=\"628baddb66fbdc66c0006a1f3506609b\" data-token-time=\"1776425006\"><div class=\"wpforms-head-container\"><div class=\"wpforms-title\">Anmeldung als Akteur \/ Anbieter von Aktionen<\/div><\/div><noscript class=\"wpforms-error-noscript\">Bitte aktiviere JavaScript in deinem Browser, um dieses Formular fertigzustellen.<\/noscript><div class=\"wpforms-field-container\"><div id=\"wpforms-3024-field_3-container\" class=\"wpforms-field wpforms-field-text\" data-field-id=\"3\"><label class=\"wpforms-field-label\" for=\"wpforms-3024-field_3\">Instutition\/Verein\/Einrichtung<\/label><input type=\"text\" id=\"wpforms-3024-field_3\" class=\"wpforms-field-medium\" name=\"wpforms[fields][3]\" placeholder=\"Geben SIe hier Instutition\/Verein\/Einrichtung wenn vorhanden ein\" ><\/div><div id=\"wpforms-3024-field_1-container\" class=\"wpforms-field wpforms-field-name\" data-field-id=\"1\"><label class=\"wpforms-field-label\">Name <span class=\"wpforms-required-label\">*<\/span><\/label><div class=\"wpforms-field-row wpforms-field-medium\"><div class=\"wpforms-field-row-block wpforms-first wpforms-one-half\"><input type=\"text\" id=\"wpforms-3024-field_1\" class=\"wpforms-field-name-first wpforms-field-required\" name=\"wpforms[fields][1][first]\" placeholder=\"Vorname\" required><label for=\"wpforms-3024-field_1\" class=\"wpforms-field-sublabel after\">Vorname<\/label><\/div><div class=\"wpforms-field-row-block wpforms-one-half\"><input type=\"text\" id=\"wpforms-3024-field_1-last\" class=\"wpforms-field-name-last wpforms-field-required\" name=\"wpforms[fields][1][last]\" placeholder=\"Nachname\" required><label for=\"wpforms-3024-field_1-last\" class=\"wpforms-field-sublabel after\">Nachname<\/label><\/div><\/div><\/div><div id=\"wpforms-3024-field_9-container\" class=\"wpforms-field wpforms-field-phone\" data-field-id=\"9\"><label class=\"wpforms-field-label\" for=\"wpforms-3024-field_9\">Telefonnummer<\/label><input type=\"tel\" id=\"wpforms-3024-field_9\" class=\"wpforms-field-medium\" data-rule-int-phone-field=\"true\" name=\"wpforms[fields][9]\" placeholder=\"Telefonnummer oder Handynummer Angabe ist freiwillig\" aria-label=\"Telefonnummer\" ><\/div><div id=\"wpforms-3024-field_10-container\" class=\"wpforms-field wpforms-field-address\" data-field-id=\"10\"><label class=\"wpforms-field-label\">Adresse<\/label><div class=\"wpforms-field-row wpforms-field-medium\"><div ><input type=\"text\" id=\"wpforms-3024-field_10\" class=\"wpforms-field-address-address1\" name=\"wpforms[fields][10][address1]\" ><label for=\"wpforms-3024-field_10\" class=\"wpforms-field-sublabel after\">Adresse Zeile 1<\/label><\/div><\/div><div class=\"wpforms-field-row wpforms-field-medium\"><div class=\"wpforms-field-row-block wpforms-one-half wpforms-first\"><input type=\"text\" id=\"wpforms-3024-field_10-city\" class=\"wpforms-field-address-city\" name=\"wpforms[fields][10][city]\" ><label for=\"wpforms-3024-field_10-city\" class=\"wpforms-field-sublabel after\">Ort<\/label><\/div><div class=\"wpforms-field-row-block wpforms-one-half\"><input type=\"text\" id=\"wpforms-3024-field_10-state\" class=\"wpforms-field-address-state\" name=\"wpforms[fields][10][state]\" ><label for=\"wpforms-3024-field_10-state\" class=\"wpforms-field-sublabel after\">Region<\/label><\/div><\/div><div class=\"wpforms-field-row wpforms-field-medium\"><div class=\"wpforms-field-row-block wpforms-one-half wpforms-first\"><input type=\"text\" id=\"wpforms-3024-field_10-postal\" class=\"wpforms-field-address-postal\" name=\"wpforms[fields][10][postal]\" ><label for=\"wpforms-3024-field_10-postal\" class=\"wpforms-field-sublabel after\">Postleitzahl<\/label><\/div><\/div><\/div><div id=\"wpforms-3024-field_2-container\" class=\"wpforms-field wpforms-field-email\" data-field-id=\"2\"><label class=\"wpforms-field-label\">E-Mail-Adresse <span class=\"wpforms-required-label\">*<\/span><\/label><div class=\"wpforms-field-row wpforms-field-medium\"><div class=\"wpforms-field-row-block wpforms-one-half wpforms-first\"><input type=\"email\" id=\"wpforms-3024-field_2\" class=\"wpforms-field-required wpforms-field-email-primary\" name=\"wpforms[fields][2][primary]\" spellcheck=\"false\" required><label for=\"wpforms-3024-field_2\" class=\"wpforms-field-sublabel after\">E-Mail-Adresse<\/label><\/div><div class=\"wpforms-field-row-block wpforms-one-half\"><input type=\"email\" id=\"wpforms-3024-field_2-secondary\" class=\"wpforms-field-email-secondary wpforms-field-required\" data-rule-confirm=\"#wpforms-3024-field_2\" name=\"wpforms[fields][2][secondary]\" spellcheck=\"false\" required><label for=\"wpforms-3024-field_2-secondary\" class=\"wpforms-field-sublabel after\">E-Mail best\u00e4tigen<\/label><\/div><\/div><\/div><div id=\"wpforms-3024-field_8-container\" class=\"wpforms-field wpforms-field-url\" data-field-id=\"8\"><label class=\"wpforms-field-label\" for=\"wpforms-3024-field_8\">Website \/ URL<\/label><input type=\"url\" id=\"wpforms-3024-field_8\" class=\"wpforms-field-medium\" name=\"wpforms[fields][8]\" placeholder=\"Geben sie hier ihre Webseite ein sollten Sie eine haben\" ><\/div><div id=\"wpforms-3024-field_4-container\" class=\"wpforms-field wpforms-field-file-upload\" data-field-id=\"4\"><label class=\"wpforms-field-label\" for=\"wpforms-3024-field_4\">Logo Verein\/Akteur\/Instutition (nur png\/jpg)<\/label><div\n\t\tclass=\"wpforms-uploader\"\n\t\tdata-field-id=\"4\"\n\t\tdata-form-id=\"3024\"\n\t\tdata-input-name=\"wpforms_3024_4\"\n\t\tdata-extensions=\"png,jpg\"\n\t\tdata-max-size=\"134217728\"\n\t\tdata-max-file-number=\"1\"\n\t\tdata-post-max-size=\"134217728\"\n\t\tdata-max-parallel-uploads=\"4\"\n\t\tdata-parallel-uploads=\"true\"\n\t\tdata-file-chunk-size=\"2097152\">\n\t<div class=\"dz-message\">\n\t\t<svg viewBox=\"0 0 1024 1024\" focusable=\"false\" data-icon=\"inbox\" width=\"50px\" height=\"50px\" fill=\"currentColor\" aria-hidden=\"true\">\n\t\t\t<path d=\"M885.2 446.3l-.2-.8-112.2-285.1c-5-16.1-19.9-27.2-36.8-27.2H281.2c-17 0-32.1 11.3-36.9 27.6L139.4 443l-.3.7-.2.8c-1.3 4.9-1.7 9.9-1 14.8-.1 1.6-.2 3.2-.2 4.8V830a60.9 60.9 0 0 0 60.8 60.8h627.2c33.5 0 60.8-27.3 60.9-60.8V464.1c0-1.3 0-2.6-.1-3.7.4-4.9 0-9.6-1.3-14.1zm-295.8-43l-.3 15.7c-.8 44.9-31.8 75.1-77.1 75.1-22.1 0-41.1-7.1-54.8-20.6S436 441.2 435.6 419l-.3-15.7H229.5L309 210h399.2l81.7 193.3H589.4zm-375 76.8h157.3c24.3 57.1 76 90.8 140.4 90.8 33.7 0 65-9.4 90.3-27.2 22.2-15.6 39.5-37.4 50.7-63.6h156.5V814H214.4V480.1z\"><\/path>\n\t\t<\/svg>\n\t\t<span class=\"modern-title\">Klicke oder ziehe eine Datei in diesen Bereich zum Hochladen.<\/span>\n\n\t\t\t<\/div>\n<\/div>\n<input\n\t\ttype=\"text\"\n\t\tautocomplete=\"off\"\n\t\treadonly\n\t\tclass=\"dropzone-input\"\n\t\tstyle=\"position:absolute!important;clip:rect(0,0,0,0)!important;height:1px!important;width:1px!important;border:0!important;overflow:hidden!important;padding:0!important;margin:0!important;\"\n\t\tid=\"wpforms-3024-field_4\"\n\t\tname=\"wpforms_3024_4\" \t\tvalue=\"\">\n<\/div><div id=\"wpforms-3024-field_14-container\" class=\"wpforms-field wpforms-field-file-upload\" data-field-id=\"14\"><label class=\"wpforms-field-label\" for=\"wpforms-3024-field_14\">Profilbild (nur png\/jpg)<\/label><div\n\t\tclass=\"wpforms-uploader\"\n\t\tdata-field-id=\"14\"\n\t\tdata-form-id=\"3024\"\n\t\tdata-input-name=\"wpforms_3024_14\"\n\t\tdata-extensions=\"png,jpg\"\n\t\tdata-max-size=\"134217728\"\n\t\tdata-max-file-number=\"1\"\n\t\tdata-post-max-size=\"134217728\"\n\t\tdata-max-parallel-uploads=\"4\"\n\t\tdata-parallel-uploads=\"true\"\n\t\tdata-file-chunk-size=\"2097152\">\n\t<div class=\"dz-message\">\n\t\t<svg viewBox=\"0 0 1024 1024\" focusable=\"false\" data-icon=\"inbox\" width=\"50px\" height=\"50px\" fill=\"currentColor\" aria-hidden=\"true\">\n\t\t\t<path d=\"M885.2 446.3l-.2-.8-112.2-285.1c-5-16.1-19.9-27.2-36.8-27.2H281.2c-17 0-32.1 11.3-36.9 27.6L139.4 443l-.3.7-.2.8c-1.3 4.9-1.7 9.9-1 14.8-.1 1.6-.2 3.2-.2 4.8V830a60.9 60.9 0 0 0 60.8 60.8h627.2c33.5 0 60.8-27.3 60.9-60.8V464.1c0-1.3 0-2.6-.1-3.7.4-4.9 0-9.6-1.3-14.1zm-295.8-43l-.3 15.7c-.8 44.9-31.8 75.1-77.1 75.1-22.1 0-41.1-7.1-54.8-20.6S436 441.2 435.6 419l-.3-15.7H229.5L309 210h399.2l81.7 193.3H589.4zm-375 76.8h157.3c24.3 57.1 76 90.8 140.4 90.8 33.7 0 65-9.4 90.3-27.2 22.2-15.6 39.5-37.4 50.7-63.6h156.5V814H214.4V480.1z\"><\/path>\n\t\t<\/svg>\n\t\t<span class=\"modern-title\">Klicke oder ziehe eine Datei in diesen Bereich zum Hochladen.<\/span>\n\n\t\t\t<\/div>\n<\/div>\n<input\n\t\ttype=\"text\"\n\t\tautocomplete=\"off\"\n\t\treadonly\n\t\tclass=\"dropzone-input\"\n\t\tstyle=\"position:absolute!important;clip:rect(0,0,0,0)!important;height:1px!important;width:1px!important;border:0!important;overflow:hidden!important;padding:0!important;margin:0!important;\"\n\t\tid=\"wpforms-3024-field_14\"\n\t\tname=\"wpforms_3024_14\" \t\tvalue=\"\">\n<\/div><div id=\"wpforms-3024-field_5-container\" class=\"wpforms-field wpforms-field-textarea\" data-field-id=\"5\"><label class=\"wpforms-field-label\" for=\"wpforms-3024-field_5\">Profil<\/label><textarea id=\"wpforms-3024-field_5\" class=\"wpforms-field-medium wpforms-limit-characters-enabled\" data-form-id=\"3024\" data-field-id=\"5\" data-text-limit=\"600\" name=\"wpforms[fields][5]\" placeholder=\"Was haben sie z.B. f\u00fcr Qualifikationen oder \u00c4hnliches. Das Feld ist auf 600 Zeichen beschr\u00e4nkt\" maxlength=\"600\" ><\/textarea><\/div><div id=\"wpforms-3024-field_6-container\" class=\"wpforms-field wpforms-field-textarea\" data-field-id=\"6\"><label class=\"wpforms-field-label\" for=\"wpforms-3024-field_6\">Ihr Angebot zum Thema Umweltbildung<\/label><textarea id=\"wpforms-3024-field_6\" class=\"wpforms-field-medium wpforms-limit-characters-enabled\" data-form-id=\"3024\" data-field-id=\"6\" data-text-limit=\"500\" name=\"wpforms[fields][6]\" placeholder=\"Geben Sie hier an, was Sie anbieten m\u00f6chten z.B. Kurse, Rundg\u00e4nge etc\" maxlength=\"500\" ><\/textarea><\/div><div id=\"wpforms-3024-field_7-container\" class=\"wpforms-field wpforms-field-textarea\" data-field-id=\"7\"><label class=\"wpforms-field-label\" for=\"wpforms-3024-field_7\">Geb\u00fchren \/ Kosten<\/label><textarea id=\"wpforms-3024-field_7\" class=\"wpforms-field-medium wpforms-limit-characters-enabled\" data-form-id=\"3024\" data-field-id=\"7\" data-text-limit=\"500\" name=\"wpforms[fields][7]\" placeholder=\"Geben Sie hier die Geb\u00fchren und Kosten Ihres Angebotes an\" maxlength=\"500\" ><\/textarea><\/div><div id=\"wpforms-3024-field_11-container\" class=\"wpforms-field wpforms-field-gdpr-checkbox\" data-field-id=\"11\"><label class=\"wpforms-field-label\">DSGVO-Einverst\u00e4ndnis <span class=\"wpforms-required-label\">*<\/span><\/label><ul id=\"wpforms-3024-field_11\" class=\"wpforms-field-required\"><li class=\"choice-1\"><input type=\"checkbox\" id=\"wpforms-3024-field_11_1\" name=\"wpforms[fields][11][]\" value=\"Ich willige ein, dass diese Website meine \u00fcbermittelten Informationen speichert, sodass meine Anfrage beantwortet werden kann.\" required ><label class=\"wpforms-field-label-inline\" for=\"wpforms-3024-field_11_1\">Ich willige ein, dass diese Website meine \u00fcbermittelten Informationen speichert, sodass meine Anfrage beantwortet werden kann.<\/label><\/li><\/ul><\/div><\/div><!-- .wpforms-field-container --><div class=\"wpforms-submit-container\" ><input type=\"hidden\" name=\"wpforms[id]\" value=\"3024\"><input type=\"hidden\" name=\"page_title\" value=\"\"><input type=\"hidden\" name=\"page_url\" value=\"https:\/\/alt-draussensein.umweltbildung-lkr-fuerth.de\/index.php\/wp-json\/wp\/v2\/pages\/3019\"><input type=\"hidden\" name=\"url_referer\" value=\"\"><button type=\"submit\" name=\"wpforms[submit]\" id=\"wpforms-submit-3024\" class=\"wpforms-submit\" data-alt-text=\"Wird gesendet\u00a0\u2026\" data-submit-text=\"Absenden\" aria-live=\"assertive\" value=\"wpforms-submit\">Absenden<\/button><img loading=\"lazy\" decoding=\"async\" src=\"https:\/\/alt-draussensein.umweltbildung-lkr-fuerth.de\/wp-content\/plugins\/wpforms\/assets\/images\/submit-spin.svg\" class=\"wpforms-submit-spinner\" style=\"display: none;\" width=\"26\" height=\"26\" alt=\"Wird geladen\"><\/div><\/form><\/div>  <!-- .wpforms-container -->\n","protected":false},"excerpt":{"rendered":"","protected":false},"author":1,"featured_media":0,"parent":0,"menu_order":0,"comment_status":"closed","ping_status":"closed","template":"","meta":{"footnotes":""},"class_list":["post-3019","page","type-page","status-publish","hentry"],"_links":{"self":[{"href":"https:\/\/alt-draussensein.umweltbildung-lkr-fuerth.de\/index.php\/wp-json\/wp\/v2\/pages\/3019","targetHints":{"allow":["GET"]}}],"collection":[{"href":"https:\/\/alt-draussensein.umweltbildung-lkr-fuerth.de\/index.php\/wp-json\/wp\/v2\/pages"}],"about":[{"href":"https:\/\/alt-draussensein.umweltbildung-lkr-fuerth.de\/index.php\/wp-json\/wp\/v2\/types\/page"}],"author":[{"embeddable":true,"href":"https:\/\/alt-draussensein.umweltbildung-lkr-fuerth.de\/index.php\/wp-json\/wp\/v2\/users\/1"}],"replies":[{"embeddable":true,"href":"https:\/\/alt-draussensein.umweltbildung-lkr-fuerth.de\/index.php\/wp-json\/wp\/v2\/comments?post=3019"}],"version-history":[{"count":4,"href":"https:\/\/alt-draussensein.umweltbildung-lkr-fuerth.de\/index.php\/wp-json\/wp\/v2\/pages\/3019\/revisions"}],"predecessor-version":[{"id":3061,"href":"https:\/\/alt-draussensein.umweltbildung-lkr-fuerth.de\/index.php\/wp-json\/wp\/v2\/pages\/3019\/revisions\/3061"}],"wp:attachment":[{"href":"https:\/\/alt-draussensein.umweltbildung-lkr-fuerth.de\/index.php\/wp-json\/wp\/v2\/media?parent=3019"}],"curies":[{"name":"wp","href":"https:\/\/api.w.org\/{rel}","templated":true}]}}