{"id":1907,"date":"2018-09-22T05:45:09","date_gmt":"2018-09-22T05:45:09","guid":{"rendered":"http:\/\/draussensein.umweltbildung-lkr-fuerth.de\/wp\/?page_id=1907"},"modified":"2018-12-11T07:47:22","modified_gmt":"2018-12-11T07:47:22","slug":"kostenverzeichnis","status":"publish","type":"page","link":"https:\/\/alt-draussensein.umweltbildung-lkr-fuerth.de\/index.php\/kostenverzeichnis\/","title":{"rendered":"Kostenverzeichnis"},"content":{"rendered":"<p>1. Angebote von ehrenamtlichen Anbietern der Umweltbildung, die keine Teilnahmegeb\u00fchr<br \/>\nerheben,k\u00f6nnen ihr Angebot kostenlos auf unserer Website bewerben lassen.<\/p>\n<p><strong>Hierunter fallen auch ehrenamtliche Anbieter, die einen Unkostenbeitrag f\u00fcr Material o.\u00e4.<\/strong><br \/>\n<strong>erheben, die Teilnahme aber weiterhin kostenfrei ist.<\/strong><\/p>\n<p>2. Angebote von gewerblichen Anbietern der Umweltbildung, die eine Teilnahmegeb\u00fchr von bis zu<br \/>\n5 \u20ac\/Teilnehmer erheben, m\u00fcssen f\u00fcr ihr Angebot auf unserer Website einn Betrag von 5 \u20ac auf unser<br \/>\nVereinskonto entrichten.<\/p>\n<p>3. Angebote von gewerblichen Anbietern der Umweltbildung, die eine Teilnahmegeb\u00fchr von bis zu<br \/>\n15 \u20ac\/Teilnehmer erheben, m\u00fcssen f\u00fcr ihr Angebot auf unserer Website einen Betrag von 15 \u20ac auf<br \/>\nunser Vereinskonto entrichten.<br \/>\n<strong>F\u00fcr Angebote, die j\u00e4hrlich verl\u00e4ngert werden, ist ein Betrag von 5 \u20ac pro Jahr zu entrichten.<\/strong><\/p>\n<p>4. Angebote von gewerblichen Anbietern der Umweltbildung, die eine Teilnahmegeb\u00fchr von \u00fcber<br \/>\n15 \u20ac\/Teilnehmer erheben, m\u00fcssen f\u00fcr ihr Angebot auf unserer Website einen Betrag von 30 \u20ac auf<br \/>\nunser Vereinskonto entrichten.<br \/>\n<strong>F\u00fcr Angebote, die j\u00e4hrlich verl\u00e4ngert werden, ist ein Betrag von 10 \u20ac pro Jahr zu entrichten.<\/strong><\/p>\n","protected":false},"excerpt":{"rendered":"<p>1. Angebote von ehrenamtlichen Anbietern der Umweltbildung, die keine Teilnahmegeb\u00fchr erheben,k\u00f6nnen ihr Angebot kostenlos auf unserer Website bewerben lassen. Hierunter fallen auch ehrenamtliche Anbieter, die einen Unkostenbeitrag f\u00fcr Material o.\u00e4. &#8230;<\/p>\n","protected":false},"author":1,"featured_media":0,"parent":0,"menu_order":0,"comment_status":"closed","ping_status":"closed","template":"","meta":{"footnotes":""},"class_list":["post-1907","page","type-page","status-publish","hentry"],"_links":{"self":[{"href":"https:\/\/alt-draussensein.umweltbildung-lkr-fuerth.de\/index.php\/wp-json\/wp\/v2\/pages\/1907","targetHints":{"allow":["GET"]}}],"collection":[{"href":"https:\/\/alt-draussensein.umweltbildung-lkr-fuerth.de\/index.php\/wp-json\/wp\/v2\/pages"}],"about":[{"href":"https:\/\/alt-draussensein.umweltbildung-lkr-fuerth.de\/index.php\/wp-json\/wp\/v2\/types\/page"}],"author":[{"embeddable":true,"href":"https:\/\/alt-draussensein.umweltbildung-lkr-fuerth.de\/index.php\/wp-json\/wp\/v2\/users\/1"}],"replies":[{"embeddable":true,"href":"https:\/\/alt-draussensein.umweltbildung-lkr-fuerth.de\/index.php\/wp-json\/wp\/v2\/comments?post=1907"}],"version-history":[{"count":12,"href":"https:\/\/alt-draussensein.umweltbildung-lkr-fuerth.de\/index.php\/wp-json\/wp\/v2\/pages\/1907\/revisions"}],"predecessor-version":[{"id":1975,"href":"https:\/\/alt-draussensein.umweltbildung-lkr-fuerth.de\/index.php\/wp-json\/wp\/v2\/pages\/1907\/revisions\/1975"}],"wp:attachment":[{"href":"https:\/\/alt-draussensein.umweltbildung-lkr-fuerth.de\/index.php\/wp-json\/wp\/v2\/media?parent=1907"}],"curies":[{"name":"wp","href":"https:\/\/api.w.org\/{rel}","templated":true}]}}